e remainder when 341 is divided by 11 + -4 + 65 - (2 + -1).
57
Let g = -974 + 1242. What is the remainder when g is divided by 27?
25
Suppose -3*a - 15 = -3*v, 5*v - 5 = -2*a - 3*a. Let r = v - 1. Suppose -p = -2*f + 1, -f - 15 = -5*p - r. Calculate the remainder when 2 is divided by f.
0
Let w be (-12)/(-14)*(18 - -59). Suppose 6*s + 0*s = w. Let r(b) = b + 20. What is the remainder when r(0) is divided by s?
9
Let o(r) = -r - 2. Let h(y) = -2*y**3 + y**2 + 6*y - 5. Let z be h(2). Let t(n) = -n**3 - 6*n**2 - n + 5. Calculate the remainder when t(-6) is divided by o(z).
2
Let k(o) = 57*o - 5. Let n be k(1). Suppose 2*c = 2*u - 84, u + 5*c = 8*c + n. Calculate the remainder when u is divided by 21.
16
Suppose -708 = -6*u - 36. Calculate the remainder when u is divided by 57.
55
Suppose -133*l + 126*l + 2401 = 0. Calculate the remainder when l is divided by 6.
1
Let a = -39 - -41. Suppose -95 = -l - a*r, 3*l + 0*l - 325 = 4*r. What is the remainder when l is divided by 13?
12
Let n(t) = t**2 + 9*t + 10. Let w be n(-7). Let m be 8 - (2 + w - 1). Suppose 0 = -2*o + 99 + m. Calculate the remainder when o is divided by 14.
13
Suppose -5*m + 20 = 5. Suppose 3*r + b = 84, 6*r + m*b - 136 = r. Calculate the remainder when r is divided by 11.
7
Suppose 2 = -6*u + 14. Suppose 3*l = -3*x + 90, 60 = u*x + 4*l - 3*l. Calculate the remainder when 177 is divided by x.
27
Suppose -3*w + 2226 = -3*m, -2*w + 1493 = -16*m + 17*m. What is the remainder when w is divided by 34?
31
Suppose 3*s = 19 + 8. Let o be 2/(2*2/48). Calculate the remainder when 1004/o - (-4)/24 is divided by s.
6
Let d(i) = i**2 - 7*i + 12. Let u be d(5). Suppose u*n - l = 2*l + 146, 292 = 4*n + 4*l. Calculate the remainder when n is divided by 20.
13
Let m(i) = -i**3 + 12*i**2 + 2. Let l be m(12). Let h(f) = 6*f - 1. Let g be h(l). Let a = g + -8. What is the remainder when 9 is divided by a?
0
Let n = -31 - -58. Let o(q) = q**3 - 8*q**2 - 6*q - 12. What is the remainder when n is divided by o(9)?
12
Suppose -3*n + 5*m + 118 = 0, 0*n - 2*m = -4*n + 134. Let o(q) = 122*q**2 + 4*q - 3. What is the remainder when o(1) is divided by n?
30
Calculate the remainder when 56 is divided by ((-3)/1 + -9)*(-16)/8.
8
Suppose -7*u + 656 = 47. Suppose 0*k + u = 3*k. Let y = 82 + 2. What is the remainder when y is divided by k?
26
Suppose 115 = 20*s - 105. Let k(i) = 2*i**2 + 1. What is the remainder when k(3) is divided by s?
8
Suppose -2*d - 5 = -29. Let o = -66 + 53. Let a = o - -48. What is the remainder when a is divided by d?
11
Let v = 583 + -555. What is the remainder when 363 is divided by v?
27
Let g(q) = 2*q**2 - 4*q - 3. What is the remainder when (-3 - 0) + -1 - -40 is divided by g(-2)?
10
Suppose -g = 36 - 66. What is the remainder when 86 is divided by g?
26
Let y(r) = -r**3 + 11*r**2 - 10*r + 6. Let c be (-68)/(-7) - 32/(-112). What is the remainder when 21 is divided by y(c)?
3
Let c(p) = -2*p - 8. Suppose 0*u - 9 = -u - 3*g, -4*g = -3*u + 1. What is the remainder when c(-8) is divided by u?
2
Let r(k) = -k**3 - 17*k**2 + 37*k - 6. Let t be r(-19). Suppose t*z - 196 = 9*z. Calculate the remainder when z is divided by 264/10 - (-2)/(-5).
23
Suppose -4*g = g - 10. Let a be (70/(-49))/(g/(-14)). Suppose 0 = 2*u - a - 0. Calculate the remainder when 14 is divided by u.
4
Let x(o) = 23*o**2 - 11*o - 30. What is the remainder when x(-3) is divided by 69?
3
Let q(k) = -8*k - 11. Let d(w) = -16*w - 23. Let s(a) = -2*d(a) + 5*q(a). Let y be s(12). Calculate the remainder when 28 is divided by 78/14 + (-45)/y.
4
Suppose 24*l - 22*l - 492 = -x, 1952 = 4*x + 4*l. What is the remainder when x is divided by 81?
79
Let s = 13 + -9. Let b(g) = -g**3 + 4*g**2 + 3*g - 5. Let t(j) = -j + 81. What is the remainder when t(62) is divided by b(s)?
5
Suppose 6 = u + 3. Let f(k) = -5*k + 7. Let m(x) = 10*x - 13. Let y(v) = u*m(v) + 5*f(v). Calculate the remainder when 62 is divided by y(4).
14
Let z(l) = -3*l**2 - l**3 + 0*l**3 - 9*l - 7*l**2. Let n be z(-9). Suppose 4*f - f - 16 = 4*k, n = -k + 2. What is the remainder when 30 is divided by f?
6
Let u(j) = -8*j**2 - 85*j - 10. Calculate the remainder when 638 is divided by u(-10).
38
Let v = 48 - 4. Suppose -16 - v = -4*u. What is the remainder when 27 is divided by u?
12
Suppose 0 = 4*h - 2*h. Let t be (-6*1)/(2 - 4). Suppose -m - t*p + 69 = -h*m, m - 69 = -2*p. What is the remainder when m is divided by 18?
15
Let q be -4 + -4*(-9 + 3). Suppose -5*g = -y - 39, -q = 3*y + 2*y. Suppose 26 = 2*r - 0*r. Calculate the remainder when r is divided by g.
6
Let k = 6 - 2. Let i be 365/20 - 1/k. Suppose -5*q + 2 = -i. What is the remainder when 6 is divided by q?
2
Suppose -2*p - 59 = -3*l + 27, -2*l + 2*p + 54 = 0. What is the remainder when l is divided by 18?
14
Let t(f) = f**3 - 7*f**2 + 10*f + 3. What is the remainder when t(8) is divided by 34?
11
Suppose 6*y = y + 10. Suppose d + y*d = 3. Calculate the remainder when ((-8)/8)/(d/(-9)) is divided by 3.
0
Let n = 790 + -724. What is the remainder when n is divided by 17?
15
Let u(c) = 9*c**2 + 7*c - 22. What is the remainder when u(5) is divided by 81?
76
Let a(r) = r**3 + 6*r**2 - 11*r - 4. What is the remainder when 174 is divided by a(3)?
42
Let g(t) = 1910*t**3 - 1909*t**3 - t - 4*t**2 + 9*t - 9. Calculate the remainder when g(4) is divided by 3.
2
Let a(n) = n**2 - 4*n + 4. Let m be a(5). Suppose -3*t + 15 + m = 0. What is the remainder when t is divided by (-1 + -1)*(7 + -9)?
0
Let h = -16 - -16. Suppose 3*a - 72 = -5*q + 5*a, 2*a + 2 = 0. Calculate the remainder when q + (h - -1)*-3 is divided by 7.
4
Let u(h) = -10*h + 6. Calculate the remainder when u(-3) is divided by 14.
8
Suppose 5*c - 18*t + 23*t = 190, 3*c + 4*t - 109 = 0. Calculate the remainder when 203 is divided by c.
31
Let p(j) = 9*j**2 - j - 2. Let x be p(-1). Let b be 1*18*20/x. Calculate the remainder when (70/3)/(30/b) is divided by 12.
11
Suppose d = 5*i + 92, -4*d - 2*i + 3*i = -311. Suppose -d = 7*n - 217. Calculate the remainder when 21 is divided by n.
1
Let s = -391 - -651. Calculate the remainder when s is divided by 75.
35
Let f be (-110)/(-25) + -5 + 1596/10. Suppose -5*u = -z - 0*z + 45, 3*u = 5*z - f. Let l = -11 + 27. Calculate the remainder when z is divided by l.
14
Let c be (-1*1)/(9/(-468)). Suppose 7*m - c = 74. Calculate the remainder when (-3)/(((-12)/280)/1) is divided by m.
16
Let y be 49/3 + (-1)/3. Suppose -q + y = q. Suppose -p + 8 = 3*b - 4, -p + 33 = -4*b. Calculate the remainder when p is divided by q.
5
Let o = 863 + -684. What is the remainder when o is divided by 46?
41
Suppose -3*h = 3*w - 681, 3*w - 2*h = 914 - 238. Suppose -b - w = -4*d + 2*b, d - b - 56 = 0. What is the remainder when d is divided by 12?
10
Let d be 14*2 - 2/(-2). Let a = -13 + d. Let i(t) = -14*t + 3. What is the remainder when i(-3) is divided by a?
13
Let n = 82 - 148. Let a = n - -80. Calculate the remainder when a is divided by 4.
2
Let s be (-3*2)/(4 + -6). Suppose 2*f = 0, -5*a + 43 = -s*f - 62. Let d = -12 + a. Calculate the remainder when d is divided by 5.
4
Let t be -3*(-2)/15 + 6/10. What is the remainder when 21 is divided by (-38)/(-6) - (12/(-18) + t)?
3
Let n(p) = 3*p + 37. What is the remainder when 183 is divided by n(17)?
7
Let t = -1 + 12. Let d(s) = s - 17. Let o be d(0). Let u = 59 + o. What is the remainder when u is divided by t?
9
Let m = -66 + 102. What is the remainder when 103 is divided by m?
31
Suppose -4*z + 4*b = -180, 3*b + b = -2*z + 72. Calculate the remainder when 124 is divided by z.
40
Let x = -146 - -156. Let y(v) = -3*v + 5. What is the remainder when y(-3) is divided by x?
4
Suppose 0 = -2*u + m + 7, 30 = 4*u - 4*m + 6. Let k(n) = n**3 + 2*n**2 - 3*n + 1. Let z be k(-3). Calculate the remainder when 40 + u - -3*z is divided by 15.
14
Suppose 2*d + 22 = 126. What is the remainder when 778 is divided by d?
50
Suppose 5*l = v + 1316, 4*v + 2*v = 3*l - 795. What is the remainder when l is divided by 44?
43
Suppose p + 0*y = y + 112, 0 = 4*p + 3*y - 455. Suppose 21*d + 90 = 573. What is the remainder when p is divided by d?
21
Suppose -2*b = 2*w - 21 - 105, 0 = -2*b - 5*w + 120. What is the remainder when b is divided by (-10)/165 + (-4496)/(-132)?
31
Suppose 26 = 8*q + 5*q. Calculate the remainder whe